= -5*w + 11965, -4*r + 20 = 0. Suppose p = -4*p + 5*l + 2415, -5*p - l = -w. Is p composite?
False
Suppose -11*v = -15*v + 8. Suppose -4*d = -0*s - v*s + 1100, 2776 = 5*s + 3*d. Is s a composite number?
True
Suppose 3 = b - 23. Let o = 567 - b. Is o a composite number?
False
Let a be (-1)/(3/(-5085)) - -4. Let j = -1170 + a. Is j prime?
False
Let l(k) = 1396*k + 3. Let v(p) = -p**3 - 15*p**2 - 26*p + 1. Let m be v(-13). Is l(m) a prime number?
True
Suppose -2*s - 3*v - 12 = 0, 2*s - 8 = 5*s + 2*v. Suppose -c + 619 - 100 = s. Let r = c - -388. Is r prime?
True
Let b be 4/6 - (-28)/12. Let y(g) = 0*g**b + 5*g + 7 - g**3 - 6*g**2 + 4*g**3. Is y(5) prime?
True
Let p = 163300 + -41895. Is p composite?
True
Let s(v) = -6*v + 3. Let w be 8/(-12) + (-10)/(-6). Let u be (2 + w + -2)*-5. Is s(u) a prime number?
False
Let c(q) = q**2 + q + 1. Let l be c(-2). Suppose -l*x + 758 = 56. Let n = 527 - x. Is n prime?
True
Suppose -2*a = 0, -1028 = m + a + 691. Is m/(-6)*(-2)/(-3) composite?
False
Let z(s) = -23860*s**3 - 6*s**2 - 7*s - 4. Is z(-1) a composite number?
False
Let i(x) = -3*x**2 + 36689. Is i(0) a prime number?
False
Suppose 4*m - 605 - 87 = -2*n, -n + 336 = 4*m. Is n/(-2)*4/(-8) a composite number?
False
Let k(d) be the third derivative of -2*d**2 - 11/6*d**3 + 0*d + 0 + 7/4*d**4. Is k(5) composite?
False
Let f = 7895 + -4968. Is f a prime number?
True
Let i(f) = f - 9. Let d be i(9). Suppose 4*t = -d*t + 12. Suppose -5*u + 4*s = -883, 0 = -5*u + t*u + 2*s + 352. Is u a composite number?
False
Let k be 522/(-10) + (-8)/10. Let t = k + 140. Is t a prime number?
False
Suppose 0 = -2*s - 3*s. Suppose -a + s*a = -853. Is a composite?
False
Suppose 1794*i - 1796*i + 107086 = 0. Is i a composite number?
True
Let r = -10052 - -15105. Is r composite?
True
Let l(w) be the second derivative of -9*w**3/2 + 11*w**2/2 - 8*w. Let r = -1 + -3. Is l(r) a prime number?
False
Suppose 10 = -5*h, -2*w = 2*w + 3*h + 6. Suppose -19 = -0*x + 4*x + 5*d, -3*x + 2*d + 3 = w. Is (-150 - x)/(1 + -2) a prime number?
True
Suppose 19*u = 132619 - 816. Is u composite?
True
Let c(t) be the third derivative of t**4/24 + 2*t**3 - 7*t**2. Let i be c(-12). Suppose -5*n - 5 = i, 0*y + 2*y + 3*n = 67. Is y a composite number?
True
Let j be (-12)/(-8)*(-2)/(-3). Suppose j + 1 = l. Suppose -l*d + 37 = -d. Is d a prime number?
True
Suppose 5*z + 15 = 10*z. Suppose -2*o - z*j + j + 1006 = 0, -3*o = -3*j - 1503. Is o a prime number?
False
Let v(c) be the third derivative of c**6/120 + c**5/15 - 5*c**4/8 + 5*c**3/6 + 9*c**2. Is v(10) composite?
True
Suppose -2*u - 2 = -2*l, 23 = -6*l + 5*l - 5*u. Let w(s) = -321*s + 4. Is w(l) a prime number?
True
Let y = 264 + 893. Is y composite?
True
Suppose -5*b = -2*b - 38031. Is b a prime number?
False
Suppose -46 = -z + 116. Suppose 219 = 3*o - z. Is o prime?
True
Let j(m) = m**3 - 9*m**2 + 1. Let a be j(9). Is (3 - a) + (-1152)/(-6) composite?
True
Suppose 4*v + 3*i + 314 = 0, -i - 180 = 4*v + 130. Is (14/v - 1305/22)*-2 composite?
True
Let a(b) = -300*b + 1364*b - 5 + 2. Is a(1) prime?
True
Suppose 3*z - 28 = -3*l - 7, 2*z + 11 = 3*l. Let n be 1/(1/3) + z. Suppose 2*u = u + 1, -720 = -n*h - 5*u. Is h prime?
False
Suppose -3697 = -o - 6*s + 4*s, -o = 5*s - 3706. Is o prime?
True
Suppose -77017 = 4*s - 229373. Is s prime?
False
Suppose -2 = 3*x - n, 7*n - 2*n = 5*x - 10. Is (1 - -1562)*(x + 3) a prime number?
False
Let r(h) be the first derivative of -h**2/2 - 9*h - 16. Is r(-19) prime?
False
Let a(b) = 2*b**3 - 5*b**2 + 10*b + 10. Let d(z) = 11 + 3*z**3 + z**2 - 5*z**2 - z + 7*z + 3*z. Let j(x) = 4*a(x) - 3*d(x). Is j(-10) composite?
True
Suppose 5*b = s + 7764 - 1794, -3569 = -3*b - 2*s. Is b a prime number?
True
Suppose 0 = 3*r - 4 - 11. Suppose 0 = 3*a - 5*h - 15, -a + 5*h + 9 = 2*h. Suppose r*m - 667 - 868 = a. Is m prime?
True
Let n(g) = 1360*g - 1. Let j(u) = u + 1. Let d(b) = -2*j(b) - n(b). Is d(-1) prime?
True
Is 2429 + -3*5*2/(-6) a prime number?
False
Suppose -4*c = -20, 4215 = 5*j + c + c. Suppose -6*x + j = -353. Is x composite?
False
Suppose -15754 = 58*k - 474012. Is k prime?
True
Let i = 14 - 23. Let w = i + 6. Is (0 - -58) + w/1 composite?
True
Suppose 2*x = -k + 1, 0 = -3*x - 5*k + 1 - 17. Suppose -1019 = -5*m + 4*z - 2795, -12 = -x*z. Let w = 493 + m. Is w a prime number?
False
Let v = 19508 + -13624. Suppose 4*j + 0*j = v. Is j prime?
True
Let q be -262*(3/(-2) - -1). Suppose x + 23 + q = 0. Is 0 - (x - (-1 + 4)) a composite number?
False
Let q = -35 + 59. Let j be 1562/33 - 2/6. Let o = q + j. Is o composite?
False
Let o be 1*(0 - -7) - (-14 + 17). Is 146 + (3 - o - 2) a composite number?
True
Suppose -108*s + 106*s + 178 = 0. Is s prime?
True
Let s(m) = -m**2 - 5*m - 4. Let b be s(-3). Is 1337 + -2 + 2 + b a composite number?
True
Let l(z) be the third derivative of -15/2*z**4 + 0*z + 0 - 8*z**2 - 1/6*z**3. Is l(-1) a prime number?
True
Let n(w) = 13602*w - 19. Is n(2) composite?
True
Suppose 0 = 2*s - 4*r - 0*r + 12, 2*s + 4*r - 28 = 0. Suppose -s*c + 339 = -c. Suppose k - 3*f - 61 = 0, -k - k - 3*f = -c. Is k a composite number?
True
Suppose -2*m + 12 + 2 = 0. Let a = 96 + m. Is a composite?
False
Suppose -5*t - 5 = -5*m, -5*m = -t + 14 - 35. Suppose 4*i + 2*o = -342, 2*o - 339 = t*i + o. Is (i + 1 + -1)*-1 a prime number?
False
Let i be ((-1)/(-4))/((-1)/(-20)). Suppose x = i*x - 2548. Let p = x + -368. Is p a composite number?
False
Let i = -201 + 756. Let v = i + -396. Is v prime?
False
Suppose -36*h = -38*h - 1202. Let o = -182 - h. Is o prime?
True
Is (-3)/10 - 23019/(-30) a prime number?
False
Let l(h) = h + 2. Let u be l(2). Let r be u + 6/15*5. Suppose -4*z = c - r - 83, 4*c = -4*z + 356. Is c composite?
False
Let u(t) = t**2 + 12*t - 10. Let s be u(-13). Suppose s*v + w + 36 = 376, -125 = -v + 2*w. Let i = v - 46. Is i composite?
True
Suppose 5003 = -4*q + 3*r, q + 8*r - 3*r + 1245 = 0. Let i = 413 - q. Suppose 5*x = -4*c + i, -2*x - 3*c + 71 + 590 = 0. Is x composite?
True
Suppose -4*n - 363 = -4*u - n, -2*u + 3*n + 189 = 0. Suppose 4*y = -4*c + 3820, -4*c + 2952 - u = 3*y. Is y composite?
True
Is (-66)/22*(1 + 9032/(-3)) a prime number?
True
Is (26823/6)/((-30)/12 - -3) prime?
True
Let w = -8548 - -30249. Is w prime?
True
Is (-2)/(-1*10/8115) composite?
True
Suppose -2*j = -3489 - 2657. Is j a prime number?
False
Let h be 9 + (-1 - 0) + 3. Suppose 9*t - 76 = h*t. Let d = -1 - t. Is d a composite number?
False
Suppose -3*g - g + 1828 = 0. Suppose 4*x - 303 - g = 0. Suppose 2*j - q - 242 = x, 2*j - 3*q = 428. Is j a prime number?
False
Let f be 14*(-5)/(10/(-31)). Let z = -106 + f. Is z a prime number?
False
Suppose 22 = -k - 4. Is (k/(-2))/(-1*4/(-428)) a composite number?
True
Let j(u) = 5*u**2 - 74*u - 13. Is j(36) a composite number?
False
Let m(g) = 5*g + 47. Let h(l) = 3*l**2 + 3*l + 2. Let c be h(-2). Is m(c) a prime number?
False
Suppose -2*u - y + 24 = 4*y, -3*u + 5*y = 14. Suppose -u*r + 1587 = 181. Is r a prime number?
False
Suppose 18*c = -21*c + 2084043. Is c composite?
False
Let a(g) = 9*g. Let h be a(-1). Let m = h + 9. Suppose 0 = 2*d - m*v + 2*v - 146, 3*v - 288 = -4*d. Is d prime?
False
Let h be (32/(-14) + 2)*-14. Suppose 2*a - 412 = -2*d + h*d, 5*a = -3*d + 990. Is a a prime number?
False
Suppose 0 = r + t, r + 9 = -0*r - 4*t. Suppose -r*h = 2*g - 1911 + 200, h - g - 572 = 0. Is h a composite number?
False
Suppose 0 = -5*u + 186 + 34. Suppose -87*q + u = -83*q. Is q a prime number?
True
Is (10 - (-12920 + -6)) + -1 + 6 prime?
True
Let o(l) be the third derivative of 7*l**4/6 + 13*l**3/6 + 8*l**2. Is o(9) a composite number?
True
Suppose -4*m + 86 = 5*y, 0 = -2*m - y - 3*y + 40. Suppose 2*s + m = 4*f - 0*f, 4*f = -4*s. Suppose 0 = -i + 4*o + 331, 993 = f*i - i - o. Is i a prime number?
True
Suppose 4*y - h - 2808 = 0, -4*y + 3*h + 967 + 1833 = 0. Is y a composite number?
True
Let j = -14796 + 31835. Is j prime?
False
Suppose 3*o + 2*w = -3*w + 25449, -2*o - 2*w + 16962 = 0. Suppose 4635 + o = 9*r. Is r a prime number?
False
Suppose 34 = -3*n - 5*t, -5*n + 5*t = t - 5. Is (-8900)/(-60) + (-2)/n composite?
False
Let f = 3931 - 737. Is f a composite number?
True
Suppose 118469 = 647*a - 634*a. Is a a composite number?
True
Let m be (-2232)/(-32)*(0 + -4). Let x = 488 + m. Is x a prime number?
Fal